10435 (base 6) to base 10.
-1463
What is -15803 (base 11) in base 2?
-101011011111011
24322 (base 10) to base 13
b0bc
353 (base 9) to base 2
100100011
-2bd7 (base 16) to base 6
-123543
-584 (base 15) to base 5
-14444
111101000 (base 2) to base 15
228
What is -5423 (base 8) in base 16?
-b13
Convert 2501 (base 13) to base 8.
12170
20770 (base 10) to base 14
77d8
52751 (base 8) to base 12
10889
Convert -13 (base 9) to base 10.
-12
What is 17a8 (base 13) in base 12?
2052
Convert 34e (base 15) to base 16.
2ed
What is -b31 (base 14) in base 8?
-4227
-234 (base 5) to base 8
-105
What is 3797 (base 14) in base 5?
302422
4396 (base 16) to base 4
10032112
-164bb (base 12) to base 2
-111110001001111
What is ab3 (base 13) in base 3?
2112000
-2421 (base 5) to base 3
-111101
-1538 (base 9) to base 3
-1121022
What is 317 (base 11) in base 15?
1a6
3815 (base 11) to base 3
20211100
Convert -97 (base 13) to base 10.
-124
What is -2323121 (base 4) in base 8?
-27331
13510 (base 8) to base 7
23243
754 (base 9) to base 6
2504
What is -28 (base 16) in base 15?
-2a
What is 4848 (base 15) in base 12?
8a88
What is 14524 (base 13) in base 10?
38224
What is -7b (base 15) in base 16?
-74
Convert 73300 (base 8) to base 5.
1433100
What is -402 (base 12) in base 3?
-210102
What is 111100102 (base 3) in base 4?
2120003
32230 (base 8) to base 16
3498
What is -44010 (base 7) in base 10?
-10983
3dc (base 14) to base 5
11112
Convert b3a (base 12) to base 14.
846
Convert -260545 (base 7) to base 3.
-2110020211
3514 (base 7) to base 15
5aa
3748 (base 9) to base 2
101011101110
-8c7 (base 13) to base 15
-6b0
What is -1554 (base 6) in base 4?
-12232
Convert 492 (base 12) to base 6.
3102
What is 3e1b (base 15) in base 8?
31765
Convert 2200 (base 5) to base 12.
210
What is -876 (base 9) in base 5?
-10332
-2710 (base 8) to base 6
-10504
Convert c6c (base 13) to base 9.
2813
Convert 21407 (base 9) to base 13.
65bc
What is 10442 (base 9) in base 13?
31c7
What is -11022 (base 5) in base 10?
-762
Convert -10120101 (base 3) to base 5.
-40402
What is 1020 (base 8) in base 3?
201120
3112 (base 7) to base 14
579
-143 (base 15) to base 14
-168
Convert 70004 (base 8) to base 14.
a644
What is -315b (base 15) in base 13?
-499a
What is 32111 (base 4) in base 16?
395
Convert -11035 (base 6) to base 13.
-911
Convert -2101220201 (base 3) to base 8.
-134333
What is -10237 (base 8) in base 6?
-31411
Convert -433223 (base 5) to base 8.
-34735
231321 (base 6) to base 13
9004
11220 (base 4) to base 6
1400
What is 2002222 (base 3) in base 7?
4325
What is 22296 (base 10) in base 16?
5718
-1330133 (base 4) to base 11
-5a93
Convert -4210 (base 5) to base 13.
-339
Convert 18a1 (base 14) to base 7.
15661
-14246 (base 8) to base 6
-45114
-11010012 (base 3) to base 12
-18a2
1aa (base 16) to base 4
12222
Convert -1630 (base 8) to base 3.
-1021002
What is -112202 (base 3) in base 15?
-1b8
What is -1053 (base 13) in base 7?
-6414
178 (base 13) to base 10
268
Convert 100100100011110 (base 2) to base 15.
582d
What is -690a (base 11) in base 15?
-2a5a
Convert c25 (base 14) to base 9.
3240
What is -14638 (base 9) in base 10?
-9998
Convert -24 (base 10) to base 3.
-220
1ba (base 14) to base 3
111100
What is 12640 (base 7) in base 8?
6521
Convert -20200 (base 4) to base 2.
-1000100000
What is -11d4 (base 16) in base 9?
-6231
Convert -5c (base 14) to base 5.
-312
1010100001101011 (base 2) to base 13
16817
-110503 (base 8) to base 14
-d7a3
-3c23 (base 16) to base 10
-15395
Convert -a0 (base 11) to base 2.
-1101110
What is -6151 (base 8) in base 10?
-3177
100222 (base 3) to base 7
533
What is 4914 (base 10) in base 3?
20202000
What is 312 (base 15) in base 2?
1010110100
What is 11872 (base 15) in base 3?
2211200122
Convert -1a1b (base 12) to base 4.
-301313
Convert -14415 (base 7) to base 10.
-3981
3d5 (base 14) to base 10
775
Convert -11000001 (base 2) to base 9.
-234
What is -736 (base 13) in base 2?
-10011001100
-14742 (base 9) to base 2
-10011101100010
6223 (base 10) to base 7
24100
-3257 (base 8) to base 13
-a18
13201032 (base 4) to base 2
111100001001110
What is -2232 (base 5) in base 13?
-1b5
-1044034 (base 5) to base 4
-10203110
Convert 27712 (base 9) to base 8.
44563
What is -69 (base 16) in base 6?
-253
-1976 (base 15) to base 3
-21120010
What is -2a9 (base 11) in base 3?
-111101
What is 34311 (base 7) in base 11?
6617
What is -345 (base 10) in base 9?
-423
Convert -14333 (base 5) to base 4.
-103002
What is -175 (base 10) in base 11?
-14a
2100 (base 4) to base 15
99
Convert -1a51 (base 11) to base 15.
-b82
What is -123233 (base 4) in base 7?
-5114
What is -13630 (base 10) in base 14?
-4d78
Convert -64 (base 8) to base 5.
-202
What is -16d (base 15) in base 14?
-196
What is -6984 (base 11) in base 15?
-2ab2
Convert -794 (base 16) to base 7.
-5441
-5774 (base 8) to base 2
-101111111100
Convert -258 (base 9) to base 4.
-3113
What is 3642 (base 11) in base 3?
20112111
-475 (base 11) to base 3
-202222
4959 (base 11) to base 8
14515
1030312 (base 4) to base 14
1b14
Convert -231112 (base 4) to base 13.
-1423
1313431 (base 5) to base 4
12120010
Convert 6060 (base 7) to base 6.
13420
-101000001100 (base 2) to base 13
-122b
-3210 (base 4) to base 2
-11100100
Convert 393 (base 13) to base 14.
32b
Convert 3227 (base 8) to base 4.
122113
-2023 (base 6) to base 2
-110111111
-26455 (base 9) to base 2
-100010111001110
Convert -5195 (base 12) to base 13.
-4085
Convert -11122 (base 5) to base 8.
-1423
-703 (base 11) to base 9
-1144
What is 826 (base 10) in base 16?
33a
Convert 97 (base 13) to base 8.
174
Convert -6435 (base 8) to base 6.
-23313
Convert -7a16 (base 11) to base 6.
-120452
1545 (base 6) to base 16
1a9
32754 (base 9) to base 2
101010011111101
-300 (base 16) to base 8
-1400
240 (base 14) to base 6
2024
-11233 (base 4) to base 11
-304
What is -b9 (base 16) in base 15?
-c5
What is -4652 (base 7) in base 14?
-899
1116 (base 10) to base 8
2134
Convert -1d70 (base 15) to base 2.
-1100100000101
What is -2816 (base 12) in base 10?
-4626
What is cc0a (base 13) in base 6?
335254
What is -3048 (base 11) in base 12?
-2411
277 (base 12) to base 7
1051
Convert -205 (base 16) to base 2.
-1000000101
What is -29a3 (base 12) in base 2?
-1001100001011
-10a2 (base 16) to base 14
-17a2
Convert -3303 (base 6) to base 15.
-359
What is -11202120 (base 3) in base 14?
-139d
What is -1873 (base 12) in base 6?
-21423
-13123 (base 4) to base 6
-2111
2138 (base 11) to base 8
5410
Convert -60064 (base 7) to base 2.
-11100001110100
What is -b44 (base 13) in base 3?
-2121221
Convert -180b (base 12) to base 6.
-21215
3028 (base 13) to base 8
14741
5644 (base 7) to base 11
1596
Convert 2024223 (base 5) to base 9.
50316
What is 384 (base 9) in base 13?
1b7
575 (base 8) to base 14
1d3
What is 1221221 (base 3) in base 4?
112111
104213 (base 7) to base 16
476f
e03 (base 16) to base 9
4825
Convert 1c6b (base 15) to base 16.
1820
-4424133 (base 5) to base 10
-76793
Convert 9ac (base 14) to base 8.
3574
What is 30613 (base 7) in base 4?
1311103
Convert 485 (base 14) to base 11.
74a
Convert -5710 (base 13) to base 15.
-3921
-12311 (base 5) to base 14
-4c4
Convert 1000010000 (base 2) to base 7.
1353
What is -10201120 (base 3) in base 9?
-3646
-54151 (base 7) to base 10
-13462
Convert -796a (base 11) to base 15.
-318c
Convert 3c1 (base 13) to base 12.
474
What is 344155 (base 6) in base 9?
44348
Convert 221 (base 15) to base 7.
1255
Convert 110220 (base 3) to base 4.
11130
Convert 24002 (base 5) to base 15.
7bc
What is -10220102 (base 3) in base 11?
-2158
3c16 (base 16) to base 10
15382
Convert -22102 (base 3) to base 15.
-102
Convert -3554 (base 7) to base 14.
-69b
3313 (base 13) to base 15
2194
What is -964 (base 10) in base 14?
-4cc
Convert 33512 (base 6) to base 3.
20110222
What is 5949 (base 11) in base 7?
31506
23721 (base 12) to base 3
2102102021
Convert 21231 (base 4) to base 8.
1155
Convert 1020 (base 7) to base 14.
1b7
Convert -cc3 (base 13) to base 7.
-6243
Convert 123042 (base 5) to base 8.
11244
-18943 (base 11) to base 14
-98b7
What is -202011 (base 4) in base 13?
-cba
-2799 (base 15) to base 5
-232334
What is 1b68 (base 12) in base 5?
102032
46628 (base 10) to base 13
182ba
Convert -c988 (base 15) to base 11.
-2a056
13011 (base 10) to base 7
52635